Last updated on 2025-01-22 03:49:51 CET.
Flavor | Version | Tinstall | Tcheck | Ttotal | Status | Flags |
---|---|---|---|---|---|---|
r-devel-linux-x86_64-debian-clang | 0.5.0 | 7.85 | 1145.98 | 1153.83 | OK | |
r-devel-linux-x86_64-debian-gcc | 0.5.0 | 4.55 | 964.11 | 968.66 | OK | |
r-devel-linux-x86_64-fedora-clang | 0.5.0 | 1179.03 | OK | |||
r-devel-linux-x86_64-fedora-gcc | 0.5.0 | 1006.83 | OK | |||
r-devel-windows-x86_64 | 0.5.0 | 8.00 | 479.00 | 487.00 | OK | |
r-patched-linux-x86_64 | 0.5.0 | 7.42 | 733.59 | 741.01 | OK | |
r-release-linux-x86_64 | 0.5.0 | 7.16 | 736.35 | 743.51 | OK | |
r-release-macos-arm64 | 0.5.0 | 176.00 | NOTE | |||
r-release-macos-x86_64 | 0.5.0 | 317.00 | NOTE | |||
r-release-windows-x86_64 | 0.5.0 | 10.00 | 457.00 | 467.00 | OK | |
r-oldrel-macos-arm64 | 0.5.0 | 188.00 | NOTE | |||
r-oldrel-macos-x86_64 | 0.5.0 | 490.00 | NOTE | |||
r-oldrel-windows-x86_64 | 0.5.0 | 11.00 | 606.00 | 617.00 | OK |
Version: 0.5.0
Check: package dependencies
Result: NOTE
Package suggested but not available for checking: ‘OSAT’
Flavors: r-release-macos-arm64, r-release-macos-x86_64, r-oldrel-macos-arm64, r-oldrel-macos-x86_64