Last updated on 2025-01-25 21:50:17 CET.
Flavor | Version | Tinstall | Tcheck | Ttotal | Status | Flags |
---|---|---|---|---|---|---|
r-devel-linux-x86_64-debian-clang | 0.3.0 | 4.65 | 40.47 | 45.12 | NOTE | |
r-devel-linux-x86_64-debian-gcc | 0.3.0 | 2.82 | 31.75 | 34.57 | NOTE | |
r-devel-linux-x86_64-fedora-clang | 0.3.0 | 75.73 | OK | |||
r-devel-linux-x86_64-fedora-gcc | 0.3.0 | 87.53 | NOTE | |||
r-devel-windows-x86_64 | 0.3.0 | 7.00 | 62.00 | 69.00 | OK | |
r-patched-linux-x86_64 | 0.3.0 | 4.57 | 38.63 | 43.20 | OK | |
r-release-linux-x86_64 | 0.3.0 | 4.87 | 38.43 | 43.30 | OK | |
r-release-macos-arm64 | 0.3.0 | 35.00 | OK | |||
r-release-macos-x86_64 | 0.3.0 | 54.00 | OK | |||
r-release-windows-x86_64 | 0.3.0 | 7.00 | 64.00 | 71.00 | OK | |
r-oldrel-macos-arm64 | 0.3.0 | 34.00 | OK | |||
r-oldrel-macos-x86_64 | 0.3.0 | 64.00 | OK | |||
r-oldrel-windows-x86_64 | 0.3.0 | 8.00 | 64.00 | 72.00 | OK |
Version: 0.3.0
Check: DESCRIPTION meta-information
Result: NOTE
Missing dependency on R >= 4.1.0 because package code uses the pipe
|> or function shorthand \(...) syntax added in R 4.1.0.
File(s) using such syntax:
‘mod_template_srv.R’
Flavors: r-devel-linux-x86_64-debian-clang, r-devel-linux-x86_64-debian-gcc, r-devel-linux-x86_64-fedora-gcc