Last updated on 2025-05-09 06:49:15 CEST.
Flavor | Version | Tinstall | Tcheck | Ttotal | Status | Flags |
---|---|---|---|---|---|---|
r-devel-linux-x86_64-debian-clang | 1.15.2 | 6.53 | 174.27 | 180.80 | NOTE | |
r-devel-linux-x86_64-debian-gcc | 1.15.2 | 4.24 | 125.04 | 129.28 | NOTE | |
r-devel-linux-x86_64-fedora-clang | 1.15.2 | 279.18 | NOTE | |||
r-devel-linux-x86_64-fedora-gcc | 1.15.2 | 286.04 | NOTE | |||
r-devel-windows-x86_64 | 1.15.2 | 10.00 | 278.00 | 288.00 | NOTE | |
r-patched-linux-x86_64 | 1.15.2 | 6.73 | 165.70 | 172.43 | NOTE | |
r-release-linux-x86_64 | 1.15.2 | 6.26 | 165.39 | 171.65 | NOTE | |
r-release-macos-arm64 | 1.15.2 | 83.00 | NOTE | |||
r-release-macos-x86_64 | 1.15.2 | 168.00 | NOTE | |||
r-release-windows-x86_64 | 1.15.2 | 11.00 | 281.00 | 292.00 | NOTE | |
r-oldrel-macos-arm64 | 1.15.2 | 83.00 | NOTE | |||
r-oldrel-macos-x86_64 | 1.15.2 | 183.00 | NOTE | |||
r-oldrel-windows-x86_64 | 1.15.2 | 12.00 | 303.00 | 315.00 | NOTE |
Version: 1.15.2
Check: Rd files
Result: NOTE
checkRd: (-1) plot.ddpcr_plate.Rd:136-137: Lost braces in \itemize; meant \describe ?
checkRd: (-1) plot.ddpcr_plate.Rd:138-139: Lost braces in \itemize; meant \describe ?
checkRd: (-1) plot.ddpcr_plate.Rd:140-141: Lost braces in \itemize; meant \describe ?
Flavors: r-devel-linux-x86_64-debian-clang, r-devel-linux-x86_64-debian-gcc, r-devel-linux-x86_64-fedora-clang, r-devel-linux-x86_64-fedora-gcc, r-devel-windows-x86_64, r-patched-linux-x86_64, r-release-linux-x86_64, r-release-macos-arm64, r-release-macos-x86_64, r-release-windows-x86_64, r-oldrel-macos-arm64, r-oldrel-macos-x86_64, r-oldrel-windows-x86_64
Version: 1.15.2
Check: dependencies in R code
Result: NOTE
Namespace in Imports field not imported from: ‘shinydisconnect’
All declared Imports should be used.
Flavors: r-devel-linux-x86_64-fedora-clang, r-devel-linux-x86_64-fedora-gcc