CRAN Package Check Results for Package dartR.spatial

Last updated on 2025-01-23 15:49:15 CET.

Flavor Version Tinstall Tcheck Ttotal Status Flags
r-devel-linux-x86_64-debian-clang 0.78 41.75 355.66 397.41 NOTE
r-devel-linux-x86_64-debian-gcc 0.78 26.47 232.77 259.24 NOTE
r-devel-linux-x86_64-fedora-clang 0.78 666.32 OK
r-devel-linux-x86_64-fedora-gcc 0.78 581.19 OK
r-devel-windows-x86_64 0.78 37.00 263.00 300.00 NOTE
r-patched-linux-x86_64 0.78 47.57 326.35 373.92 OK
r-release-linux-x86_64 0.78 34.85 329.09 363.94 OK
r-release-macos-arm64 0.78 134.00 OK
r-release-macos-x86_64 0.78 209.00 OK
r-release-windows-x86_64 0.78 37.00 261.00 298.00 OK
r-oldrel-macos-arm64 0.78 155.00 OK
r-oldrel-macos-x86_64 0.78 401.00 OK
r-oldrel-windows-x86_64 0.78 50.00 372.00 422.00 OK

Check Details

Version: 0.78
Check: Rd cross-references
Result: NOTE Found the following Rd file(s) with Rd \link{} targets missing package anchors: gl.spatial.autoCorr.Rd: gl.propShared, gl.dist.ind Please provide package anchors for all Rd \link{} targets not in the package itself and the base packages. Flavors: r-devel-linux-x86_64-debian-clang, r-devel-linux-x86_64-debian-gcc, r-devel-windows-x86_64