CRAN Package Check Results for Package cucumber

Last updated on 2025-01-24 18:49:40 CET.

Flavor Version Tinstall Tcheck Ttotal Status Flags
r-devel-linux-x86_64-debian-clang 1.1.0 5.00 59.40 64.40 NOTE
r-devel-linux-x86_64-debian-gcc 1.1.0 3.45 41.80 45.25 NOTE
r-devel-linux-x86_64-fedora-clang 1.1.0 119.59 OK
r-devel-linux-x86_64-fedora-gcc 1.1.0 122.39 NOTE
r-devel-windows-x86_64 1.1.0 7.00 76.00 83.00 OK
r-patched-linux-x86_64 1.1.0 4.13 54.86 58.99 OK
r-release-linux-x86_64 1.1.0 4.44 55.34 59.78 OK
r-release-macos-arm64 1.1.0 42.00 OK
r-release-macos-x86_64 1.1.0 71.00 OK
r-release-windows-x86_64 1.1.0 7.00 77.00 84.00 OK
r-oldrel-macos-arm64 1.1.0 45.00 OK
r-oldrel-macos-x86_64 1.1.0 66.00 OK
r-oldrel-windows-x86_64 1.1.0 9.00 86.00 95.00 OK

Check Details

Version: 1.1.0
Check: DESCRIPTION meta-information
Result: NOTE Missing dependency on R >= 4.1.0 because package code uses the pipe |> or function shorthand \(...) syntax added in R 4.1.0. File(s) using such syntax: ‘expression.R’ ‘map_keywords.R’ ‘parameter.R’ ‘parse_table.R’ ‘parse_token.R’ ‘test.R’ ‘tokenize.R’ Flavors: r-devel-linux-x86_64-debian-clang, r-devel-linux-x86_64-debian-gcc, r-devel-linux-x86_64-fedora-gcc