Last updated on 2025-07-16 22:51:05 CEST.
Flavor | Version | Tinstall | Tcheck | Ttotal | Status | Flags |
---|---|---|---|---|---|---|
r-devel-linux-x86_64-debian-clang | 0.3.0 | 6.25 | 85.58 | 91.83 | OK | |
r-devel-linux-x86_64-debian-gcc | 0.3.0 | 3.63 | 62.02 | 65.65 | OK | |
r-devel-linux-x86_64-fedora-clang | 0.3.0 | 132.20 | OK | |||
r-devel-linux-x86_64-fedora-gcc | 0.3.0 | 140.76 | OK | |||
r-devel-windows-x86_64 | 0.3.0 | 9.00 | 94.00 | 103.00 | OK | |
r-patched-linux-x86_64 | 0.3.0 | 4.91 | 0.02 | 4.93 | FAIL | |
r-release-linux-x86_64 | 0.3.0 | 5.22 | 81.57 | 86.79 | OK | |
r-release-macos-arm64 | 0.3.0 | 57.00 | OK | |||
r-release-macos-x86_64 | 0.3.0 | 108.00 | OK | |||
r-release-windows-x86_64 | 0.3.0 | 9.00 | 93.00 | 102.00 | OK | |
r-oldrel-macos-arm64 | 0.3.0 | 53.00 | NOTE | |||
r-oldrel-macos-x86_64 | 0.3.0 | 93.00 | NOTE | |||
r-oldrel-windows-x86_64 | 0.3.0 | 11.00 | 114.00 | 125.00 | NOTE |
Version: 0.3.0
Check: re-building of vignette outputs
Result: FAIL
Flavor: r-patched-linux-x86_64
Version: 0.3.0
Check: installed package size
Result: NOTE
installed size is 5.4Mb
sub-directories of 1Mb or more:
doc 2.0Mb
extdata 2.0Mb
Flavors: r-oldrel-macos-arm64, r-oldrel-macos-x86_64, r-oldrel-windows-x86_64