Last updated on 2025-01-18 15:48:19 CET.
Flavor | Version | Tinstall | Tcheck | Ttotal | Status | Flags |
---|---|---|---|---|---|---|
r-devel-linux-x86_64-debian-clang | 0.1.2 | 3.75 | 32.00 | 35.75 | OK | |
r-devel-linux-x86_64-debian-gcc | 0.1.2 | 2.94 | 25.13 | 28.07 | OK | |
r-devel-linux-x86_64-fedora-clang | 0.1.2 | 59.01 | NOTE | |||
r-devel-linux-x86_64-fedora-gcc | 0.1.2 | 72.05 | NOTE | |||
r-devel-windows-x86_64 | 0.1.2 | 8.00 | 57.00 | 65.00 | OK | |
r-patched-linux-x86_64 | 0.1.2 | 3.33 | 30.59 | 33.92 | OK | |
r-release-linux-x86_64 | 0.1.2 | 3.82 | 30.61 | 34.43 | OK | |
r-release-macos-arm64 | 0.1.2 | 31.00 | OK | |||
r-release-macos-x86_64 | 0.1.2 | 42.00 | OK | |||
r-release-windows-x86_64 | 0.1.2 | 8.00 | 55.00 | 63.00 | OK | |
r-oldrel-macos-arm64 | 0.1.2 | 33.00 | OK | |||
r-oldrel-macos-x86_64 | 0.1.2 | 41.00 | OK | |||
r-oldrel-windows-x86_64 | 0.1.2 | 9.00 | 58.00 | 67.00 | OK |
Version: 0.1.2
Check: dependencies in R code
Result: NOTE
Namespaces in Imports field not imported from:
‘mapview’ ‘plotly’
All declared Imports should be used.
Flavors: r-devel-linux-x86_64-fedora-clang, r-devel-linux-x86_64-fedora-gcc