CRAN Package Check Results for Package cmtest

Last updated on 2025-01-25 06:49:05 CET.

Flavor Version Tinstall Tcheck Ttotal Status Flags
r-devel-linux-x86_64-debian-clang 0.1-2 2.16 27.96 30.12 OK
r-devel-linux-x86_64-debian-gcc 0.1-2 1.88 21.33 23.21 OK
r-devel-linux-x86_64-fedora-clang 0.1-2 51.20 OK
r-devel-linux-x86_64-fedora-gcc 0.1-2 62.21 OK
r-devel-windows-x86_64 0.1-2 4.00 50.00 54.00 OK
r-patched-linux-x86_64 0.1-2 2.30 26.22 28.52 NOTE
r-release-linux-x86_64 0.1-2 2.28 26.31 28.59 NOTE
r-release-macos-arm64 0.1-2 24.00 NOTE
r-release-macos-x86_64 0.1-2 36.00 NOTE
r-release-windows-x86_64 0.1-2 3.00 52.00 55.00 NOTE
r-oldrel-macos-arm64 0.1-2 28.00 NOTE
r-oldrel-macos-x86_64 0.1-2 37.00 NOTE
r-oldrel-windows-x86_64 0.1-2 4.00 51.00 55.00 NOTE

Check Details

Version: 0.1-2
Check: package dependencies
Result: NOTE Package suggested but not available for checking: ‘tobit1’ Flavors: r-patched-linux-x86_64, r-release-linux-x86_64, r-release-macos-arm64, r-release-macos-x86_64, r-release-windows-x86_64, r-oldrel-macos-arm64, r-oldrel-macos-x86_64, r-oldrel-windows-x86_64