Last updated on 2025-01-25 09:49:12 CET.
Flavor | Version | Tinstall | Tcheck | Ttotal | Status | Flags |
---|---|---|---|---|---|---|
r-devel-linux-x86_64-debian-clang | 0.10.0 | 7.65 | 214.27 | 221.92 | NOTE | |
r-devel-linux-x86_64-debian-gcc | 0.10.0 | 5.25 | 141.64 | 146.89 | NOTE | |
r-devel-linux-x86_64-fedora-clang | 0.10.0 | 358.53 | OK | |||
r-devel-linux-x86_64-fedora-gcc | 0.10.0 | 380.16 | NOTE | |||
r-devel-windows-x86_64 | 0.10.0 | 11.00 | 182.00 | 193.00 | OK | |
r-patched-linux-x86_64 | 0.10.0 | 9.16 | 205.07 | 214.23 | OK | |
r-release-linux-x86_64 | 0.10.0 | 7.51 | 206.26 | 213.77 | OK | |
r-release-macos-arm64 | 0.10.0 | 91.00 | OK | |||
r-release-macos-x86_64 | 0.10.0 | 165.00 | OK | |||
r-release-windows-x86_64 | 0.10.0 | 11.00 | 176.00 | 187.00 | OK | |
r-oldrel-macos-arm64 | 0.10.0 | 84.00 | OK | |||
r-oldrel-macos-x86_64 | 0.10.0 | 155.00 | OK | |||
r-oldrel-windows-x86_64 | 0.10.0 | 10.00 | 223.00 | 233.00 | OK |
Version: 0.10.0
Check: DESCRIPTION meta-information
Result: NOTE
Missing dependency on R >= 4.1.0 because package code uses the pipe
|> or function shorthand \(...) syntax added in R 4.1.0.
File(s) using such syntax:
‘basis.R’
Flavors: r-devel-linux-x86_64-debian-clang, r-devel-linux-x86_64-debian-gcc, r-devel-linux-x86_64-fedora-gcc