Last updated on 2025-01-18 12:54:34 CET.
Flavor | Version | Tinstall | Tcheck | Ttotal | Status | Flags |
---|---|---|---|---|---|---|
r-devel-linux-x86_64-debian-clang | 1.2.1 | 6.97 | 51.83 | 58.80 | NOTE | |
r-devel-linux-x86_64-debian-gcc | 1.2.1 | 4.43 | 35.87 | 40.30 | NOTE | |
r-devel-linux-x86_64-fedora-clang | 1.2.1 | 91.66 | NOTE | |||
r-devel-linux-x86_64-fedora-gcc | 1.2.1 | 87.03 | NOTE | |||
r-devel-windows-x86_64 | 1.2.1 | 10.00 | 69.00 | 79.00 | NOTE | |
r-patched-linux-x86_64 | 1.2.1 | 6.62 | 46.46 | 53.08 | NOTE | |
r-release-linux-x86_64 | 1.2.1 | 6.73 | 47.24 | 53.97 | NOTE | |
r-release-macos-arm64 | 1.2.1 | 31.00 | NOTE | |||
r-release-macos-x86_64 | 1.2.1 | 42.00 | NOTE | |||
r-release-windows-x86_64 | 1.2.1 | 11.00 | 72.00 | 83.00 | NOTE | |
r-oldrel-macos-arm64 | 1.2.1 | 29.00 | NOTE | |||
r-oldrel-macos-x86_64 | 1.2.1 | 43.00 | NOTE | |||
r-oldrel-windows-x86_64 | 1.2.1 | 9.00 | 77.00 | 86.00 | NOTE |
Version: 1.2.1
Check: Rd files
Result: NOTE
checkRd: (-1) dtmvnom.Rd:30: Escaped LaTeX specials: \&
Flavors: r-devel-linux-x86_64-debian-clang, r-devel-linux-x86_64-debian-gcc, r-devel-linux-x86_64-fedora-clang, r-devel-linux-x86_64-fedora-gcc, r-devel-windows-x86_64, r-patched-linux-x86_64, r-release-linux-x86_64, r-release-macos-arm64, r-release-macos-x86_64, r-release-windows-x86_64, r-oldrel-macos-arm64, r-oldrel-macos-x86_64, r-oldrel-windows-x86_64