CRAN Package Check Results for Package cepumd

Last updated on 2025-01-24 21:48:21 CET.

Flavor Version Tinstall Tcheck Ttotal Status Flags
r-devel-linux-x86_64-debian-clang 2.1.0 7.07 161.86 168.93 NOTE
r-devel-linux-x86_64-debian-gcc 2.1.0 4.59 106.29 110.88 NOTE
r-devel-linux-x86_64-fedora-clang 2.1.0 264.74 OK
r-devel-linux-x86_64-fedora-gcc 2.1.0 259.69 OK
r-devel-windows-x86_64 2.1.0 8.00 150.00 158.00 OK
r-patched-linux-x86_64 2.1.0 6.71 147.82 154.53 OK
r-release-linux-x86_64 2.1.0 6.18 149.46 155.64 OK
r-release-macos-arm64 2.1.0 65.00 OK
r-release-macos-x86_64 2.1.0 153.00 OK
r-release-windows-x86_64 2.1.0 7.00 151.00 158.00 OK
r-oldrel-macos-arm64 2.1.0 73.00 OK
r-oldrel-macos-x86_64 2.1.0 215.00 OK
r-oldrel-windows-x86_64 2.1.0 9.00 189.00 198.00 OK

Check Details

Version: 2.1.0
Check: DESCRIPTION meta-information
Result: NOTE Missing dependency on R >= 4.1.0 because package code uses the pipe |> or function shorthand \(...) syntax added in R 4.1.0. File(s) using such syntax: ‘ce-hg.R’ ‘ce-mean.R’ ‘ce-prepdata.R’ ‘ce-quantiles.R’ ‘ce-uccs.R’ ‘get-survey-files.R’ ‘read-expd.R’ ‘read-fmld.R’ ‘read-fmli.R’ ‘read-mtbi.R’ ‘recode-ce-variables.R’ Flavors: r-devel-linux-x86_64-debian-clang, r-devel-linux-x86_64-debian-gcc