CRAN Package Check Results for Package bulkQC

Last updated on 2025-05-09 19:51:51 CEST.

Flavor Version Tinstall Tcheck Ttotal Status Flags
r-devel-linux-x86_64-debian-clang 1.1 2.59 25.43 28.02 NOTE
r-devel-linux-x86_64-debian-gcc 1.1 1.84 20.32 22.16 NOTE
r-devel-linux-x86_64-fedora-clang 1.1 44.61 OK
r-devel-linux-x86_64-fedora-gcc 1.1 41.99 OK
r-devel-windows-x86_64 1.1 3.00 48.00 51.00 OK
r-patched-linux-x86_64 1.1 2.59 24.48 27.07 OK
r-release-linux-x86_64 1.1 2.55 24.45 27.00 OK
r-release-macos-arm64 1.1 20.00 OK
r-release-macos-x86_64 1.1 39.00 OK
r-release-windows-x86_64 1.1 4.00 51.00 55.00 OK
r-oldrel-macos-arm64 1.1 18.00 OK
r-oldrel-macos-x86_64 1.1 32.00 OK
r-oldrel-windows-x86_64 1.1 4.00 56.00 60.00 OK

Check Details

Version: 1.1
Check: CRAN incoming feasibility
Result: NOTE Maintainer: ‘Joseph Rigdon <jrigdon@wakehealth.edu>’ No Authors@R field in DESCRIPTION. Please add one, modifying Authors@R: person(given = "Joseph", family = "Rigdon", role = c("aut", "cre"), email = "jrigdon@wakehealth.edu") as necessary. Flavors: r-devel-linux-x86_64-debian-clang, r-devel-linux-x86_64-debian-gcc