CRAN Package Check Results for Package bnpa

Last updated on 2025-01-18 12:54:25 CET.

Flavor Version Tinstall Tcheck Ttotal Status Flags
r-devel-linux-x86_64-debian-clang 0.3.0 2.90 33.58 36.48 OK
r-devel-linux-x86_64-debian-gcc 0.3.0 2.23 25.62 27.85 OK
r-devel-linux-x86_64-fedora-clang 0.3.0 59.73 NOTE
r-devel-linux-x86_64-fedora-gcc 0.3.0 54.86 NOTE
r-devel-windows-x86_64 0.3.0 6.00 57.00 63.00 OK
r-patched-linux-x86_64 0.3.0 2.69 31.42 34.11 OK
r-release-linux-x86_64 0.3.0 2.84 31.76 34.60 OK
r-release-macos-arm64 0.3.0 23.00 OK
r-release-macos-x86_64 0.3.0 39.00 OK
r-release-windows-x86_64 0.3.0 5.00 60.00 65.00 OK
r-oldrel-macos-arm64 0.3.0 22.00 OK
r-oldrel-macos-x86_64 0.3.0 28.00 OK
r-oldrel-windows-x86_64 0.3.0 6.00 62.00 68.00 OK

Check Details

Version: 0.3.0
Check: dependencies in R code
Result: NOTE Namespaces in Imports field not imported from: ‘Rgraphviz’ ‘fastDummies’ All declared Imports should be used. Flavors: r-devel-linux-x86_64-fedora-clang, r-devel-linux-x86_64-fedora-gcc