CRAN Package Check Results for Package bizicount

Last updated on 2025-01-18 15:48:17 CET.

Flavor Version Tinstall Tcheck Ttotal Status Flags
r-devel-linux-x86_64-debian-clang 1.3.3 34.40 147.86 182.26 NOTE
r-devel-linux-x86_64-debian-gcc 1.3.3 22.35 101.63 123.98 NOTE
r-devel-linux-x86_64-fedora-clang 1.3.3 295.15 OK
r-devel-linux-x86_64-fedora-gcc 1.3.3 283.73 OK
r-devel-windows-x86_64 1.3.3 32.00 158.00 190.00 NOTE
r-patched-linux-x86_64 1.3.3 42.42 139.48 181.90 OK
r-release-linux-x86_64 1.3.3 32.25 138.39 170.64 OK
r-release-macos-arm64 1.3.3 78.00 OK
r-release-macos-x86_64 1.3.3 162.00 OK
r-release-windows-x86_64 1.3.3 31.00 159.00 190.00 OK
r-oldrel-macos-arm64 1.3.3 87.00 OK
r-oldrel-macos-x86_64 1.3.3 240.00 OK
r-oldrel-windows-x86_64 1.3.3 40.00 202.00 242.00 OK

Check Details

Version: 1.3.3
Check: Rd cross-references
Result: NOTE Found the following Rd file(s) with Rd \link{} targets missing package anchors: bizicount.Rd: DHARMa zic.reg.Rd: DHARMa Please provide package anchors for all Rd \link{} targets not in the package itself and the base packages. Flavors: r-devel-linux-x86_64-debian-clang, r-devel-linux-x86_64-debian-gcc, r-devel-windows-x86_64