Last updated on 2025-01-20 19:49:09 CET.
Flavor | Version | Tinstall | Tcheck | Ttotal | Status | Flags |
---|---|---|---|---|---|---|
r-devel-linux-x86_64-debian-clang | 1.0 | 32.70 | 99.60 | 132.30 | OK | |
r-devel-linux-x86_64-debian-gcc | 1.0 | 22.01 | 74.33 | 96.34 | OK | |
r-devel-linux-x86_64-fedora-clang | 1.0 | 216.07 | NOTE | |||
r-devel-linux-x86_64-fedora-gcc | 1.0 | 232.46 | NOTE | |||
r-devel-windows-x86_64 | 1.0 | 33.00 | 121.00 | 154.00 | OK | |
r-patched-linux-x86_64 | 1.0 | 29.07 | 92.97 | 122.04 | OK | |
r-release-linux-x86_64 | 1.0 | 32.31 | 94.63 | 126.94 | OK | |
r-release-macos-arm64 | 1.0 | 64.00 | NOTE | |||
r-release-macos-x86_64 | 1.0 | 92.00 | NOTE | |||
r-release-windows-x86_64 | 1.0 | 34.00 | 126.00 | 160.00 | NOTE | |
r-oldrel-macos-arm64 | 1.0 | 73.00 | NOTE | |||
r-oldrel-macos-x86_64 | 1.0 | 118.00 | NOTE | |||
r-oldrel-windows-x86_64 | 1.0 | 44.00 | 154.00 | 198.00 | NOTE |
Version: 1.0
Check: dependencies in R code
Result: NOTE
Namespace in Imports field not imported from: ‘Rcpp’
All declared Imports should be used.
Flavors: r-devel-linux-x86_64-fedora-clang, r-devel-linux-x86_64-fedora-gcc
Version: 1.0
Check: installed package size
Result: NOTE
installed size is 8.2Mb
sub-directories of 1Mb or more:
extdata 4.8Mb
libs 2.7Mb
Flavors: r-release-macos-arm64, r-release-macos-x86_64, r-release-windows-x86_64, r-oldrel-macos-arm64, r-oldrel-macos-x86_64, r-oldrel-windows-x86_64