Last updated on 2025-06-14 16:48:17 CEST.
Flavor | Version | Tinstall | Tcheck | Ttotal | Status | Flags |
---|---|---|---|---|---|---|
r-devel-linux-x86_64-debian-clang | 1.3.0 | 9.48 | 232.82 | 242.30 | OK | |
r-devel-linux-x86_64-debian-gcc | 1.3.0 | 6.34 | 155.27 | 161.61 | OK | |
r-devel-linux-x86_64-fedora-clang | 1.3.0 | 398.82 | OK | |||
r-devel-linux-x86_64-fedora-gcc | 1.3.0 | 404.68 | OK | |||
r-devel-windows-x86_64 | 1.3.0 | 15.00 | 170.00 | 185.00 | OK | |
r-patched-linux-x86_64 | 1.2.2 | 9.14 | 173.24 | 182.38 | OK | |
r-release-linux-x86_64 | 1.2.2 | 10.33 | 175.53 | 185.86 | OK | |
r-release-macos-arm64 | 1.3.0 | 98.00 | OK | |||
r-release-macos-x86_64 | 1.2.2 | 161.00 | OK | |||
r-release-windows-x86_64 | 1.3.0 | 14.00 | 177.00 | 191.00 | OK | |
r-oldrel-macos-arm64 | 1.3.0 | 95.00 | NOTE | |||
r-oldrel-macos-x86_64 | 1.2.2 | 158.00 | NOTE | |||
r-oldrel-windows-x86_64 | 1.3.0 | 19.00 | 234.00 | 253.00 | NOTE |
Version: 1.3.0
Check: package dependencies
Result: NOTE
Package which this enhances but not available for checking: ‘asreml’
Flavors: r-oldrel-macos-arm64, r-oldrel-windows-x86_64
Version: 1.2.2
Check: package dependencies
Result: NOTE
Package which this enhances but not available for checking: ‘asreml’
Flavor: r-oldrel-macos-x86_64