Last updated on 2025-01-18 21:48:18 CET.
Flavor | Version | Tinstall | Tcheck | Ttotal | Status | Flags |
---|---|---|---|---|---|---|
r-devel-linux-x86_64-debian-clang | 1.2.2 | 84.04 | 39.22 | 123.26 | OK | |
r-devel-linux-x86_64-debian-gcc | 1.2.2 | 63.64 | 29.53 | 93.17 | OK | |
r-devel-linux-x86_64-fedora-gcc | 1.2.2 | 244.96 | OK | |||
r-devel-windows-x86_64 | 1.2.2 | 404.00 | 215.00 | 619.00 | OK | |
r-patched-linux-x86_64 | 1.2.2 | 88.12 | 36.90 | 125.02 | OK | |
r-release-linux-x86_64 | 1.2.2 | 88.25 | 36.39 | 124.64 | OK | |
r-release-macos-arm64 | 1.2.2 | 74.00 | NOTE | |||
r-release-macos-x86_64 | 1.2.2 | 87.00 | NOTE | |||
r-release-windows-x86_64 | 1.2.2 | 403.00 | 222.00 | 625.00 | NOTE | |
r-oldrel-macos-arm64 | 1.2.2 | 85.00 | NOTE | |||
r-oldrel-macos-x86_64 | 1.2.2 | 93.00 | NOTE | |||
r-oldrel-windows-x86_64 | 1.2.2 | 271.00 | 256.00 | 527.00 | NOTE |
Version: 1.2.2
Check: installed package size
Result: NOTE
installed size is 28.2Mb
sub-directories of 1Mb or more:
libs 28.1Mb
Flavors: r-release-macos-arm64, r-release-macos-x86_64, r-release-windows-x86_64, r-oldrel-macos-arm64, r-oldrel-macos-x86_64, r-oldrel-windows-x86_64