CRAN Package Check Results for Package bigrquery

Last updated on 2025-01-20 21:48:18 CET.

Flavor Version Tinstall Tcheck Ttotal Status Flags
r-devel-linux-x86_64-debian-clang 1.5.1 17.29 73.09 90.38 NOTE
r-devel-linux-x86_64-debian-gcc 1.5.1 12.42 50.33 62.75 NOTE
r-devel-linux-x86_64-fedora-clang 1.5.1 160.87 OK
r-devel-linux-x86_64-fedora-gcc 1.5.1 143.34 OK
r-devel-windows-x86_64 1.5.1 20.00 104.00 124.00 NOTE
r-patched-linux-x86_64 1.5.1 21.07 68.48 89.55 OK
r-release-linux-x86_64 1.5.1 15.97 69.05 85.02 OK
r-release-macos-arm64 1.5.1 39.00 OK
r-release-macos-x86_64 1.5.1 62.00 OK
r-release-windows-x86_64 1.5.1 21.00 99.00 120.00 OK
r-oldrel-macos-arm64 1.5.1 46.00 OK
r-oldrel-macos-x86_64 1.5.1 96.00 OK
r-oldrel-windows-x86_64 1.5.1 25.00 118.00 143.00 OK

Additional issues

rchk

Check Details

Version: 1.5.1
Check: Rd cross-references
Result: NOTE Found the following Rd file(s) with Rd \link{} targets missing package anchors: DBI.Rd: DBIObject-class, DBIDriver-class, DBIConnection-class, DBIResult-class bigquery.Rd: DBIDriver-class, DBIConnection-class Please provide package anchors for all Rd \link{} targets not in the package itself and the base packages. Flavors: r-devel-linux-x86_64-debian-clang, r-devel-linux-x86_64-debian-gcc, r-devel-windows-x86_64