CRAN Package Check Results for Package bigergm

Last updated on 2025-06-14 16:48:17 CEST.

Flavor Version Tinstall Tcheck Ttotal Status Flags
r-devel-linux-x86_64-debian-clang 1.2.4 87.81 395.84 483.65 OK
r-devel-linux-x86_64-debian-gcc 1.2.4 66.78 273.87 340.65 OK
r-devel-linux-x86_64-fedora-clang 1.2.4 752.68 OK
r-devel-linux-x86_64-fedora-gcc 1.2.4 749.37 OK
r-devel-windows-x86_64 1.2.4 104.00 340.00 444.00 OK
r-patched-linux-x86_64 1.2.4 97.22 349.94 447.16 OK
r-release-linux-x86_64 1.2.4 91.04 351.34 442.38 OK
r-release-macos-arm64 1.2.4 181.00 OK
r-release-macos-x86_64 1.2.4 266.00 OK
r-release-windows-x86_64 1.2.4 109.00 321.00 430.00 OK
r-oldrel-macos-arm64 1.2.4 190.00 NOTE
r-oldrel-macos-x86_64 1.2.4 289.00 NOTE
r-oldrel-windows-x86_64 1.2.4 124.00 450.00 574.00 OK

Check Details

Version: 1.2.4
Check: installed package size
Result: NOTE installed size is 8.5Mb sub-directories of 1Mb or more: data 1.4Mb libs 6.2Mb Flavors: r-oldrel-macos-arm64, r-oldrel-macos-x86_64