Last updated on 2025-01-19 03:49:13 CET.
Flavor | Version | Tinstall | Tcheck | Ttotal | Status | Flags |
---|---|---|---|---|---|---|
r-devel-linux-x86_64-debian-clang | 1.2.3 | 90.73 | 373.25 | 463.98 | OK | |
r-devel-linux-x86_64-debian-gcc | 1.2.3 | 65.91 | 263.10 | 329.01 | OK | |
r-devel-linux-x86_64-fedora-clang | 1.2.3 | 723.65 | OK | |||
r-devel-linux-x86_64-fedora-gcc | 1.2.3 | 729.37 | OK | |||
r-devel-windows-x86_64 | 1.2.3 | 97.00 | 315.00 | 412.00 | OK | |
r-patched-linux-x86_64 | 1.2.3 | 96.93 | 345.23 | 442.16 | OK | |
r-release-linux-x86_64 | 1.2.3 | 94.04 | 353.76 | 447.80 | OK | |
r-release-macos-arm64 | 1.2.3 | 176.00 | NOTE | |||
r-release-macos-x86_64 | 1.2.3 | 252.00 | NOTE | |||
r-release-windows-x86_64 | 1.2.3 | 93.00 | 322.00 | 415.00 | OK | |
r-oldrel-macos-arm64 | 1.2.3 | 190.00 | NOTE | |||
r-oldrel-macos-x86_64 | 1.2.3 | 280.00 | NOTE | |||
r-oldrel-windows-x86_64 | 1.2.3 | 114.00 | 437.00 | 551.00 | OK |
Version: 1.2.3
Check: installed package size
Result: NOTE
installed size is 8.5Mb
sub-directories of 1Mb or more:
data 1.4Mb
libs 6.2Mb
Flavors: r-release-macos-arm64, r-release-macos-x86_64, r-oldrel-macos-arm64, r-oldrel-macos-x86_64