CRAN Package Check Results for Package basad

Last updated on 2025-01-21 18:49:34 CET.

Flavor Version Tinstall Tcheck Ttotal Status Flags
r-devel-linux-x86_64-debian-clang 0.3.0 68.65 23.97 92.62 OK
r-devel-linux-x86_64-debian-gcc 0.3.0 54.71 26.18 80.89 OK
r-devel-linux-x86_64-fedora-clang 0.3.0 151.71 OK
r-devel-linux-x86_64-fedora-gcc 0.3.0 190.44 OK
r-devel-windows-x86_64 0.3.0 65.00 70.00 135.00 OK
r-patched-linux-x86_64 0.3.0 76.59 31.61 108.20 OK
r-release-linux-x86_64 0.3.0 76.33 31.65 107.98 OK
r-release-macos-arm64 0.3.0 43.00 NOTE
r-release-macos-x86_64 0.3.0 57.00 NOTE
r-release-windows-x86_64 0.3.0 62.00 69.00 131.00 OK
r-oldrel-macos-arm64 0.3.0 48.00 NOTE
r-oldrel-macos-x86_64 0.3.0 69.00 NOTE
r-oldrel-windows-x86_64 0.3.0 72.00 79.00 151.00 OK

Check Details

Version: 0.3.0
Check: installed package size
Result: NOTE installed size is 19.7Mb sub-directories of 1Mb or more: libs 19.6Mb Flavors: r-release-macos-arm64, r-release-macos-x86_64, r-oldrel-macos-arm64, r-oldrel-macos-x86_64