CRAN Package Check Results for Package autoScorecard

Last updated on 2025-01-25 03:49:46 CET.

Flavor Version Tinstall Tcheck Ttotal Status Flags
r-devel-linux-x86_64-debian-clang 0.3.0 3.48 142.56 146.04 NOTE
r-devel-linux-x86_64-debian-gcc 0.3.0 2.46 97.58 100.04 NOTE
r-devel-linux-x86_64-fedora-clang 0.3.0 243.51 NOTE
r-devel-linux-x86_64-fedora-gcc 0.3.0 242.64 NOTE
r-devel-windows-x86_64 0.3.0 6.00 152.00 158.00 NOTE
r-patched-linux-x86_64 0.3.0 3.35 132.72 136.07 NOTE
r-release-linux-x86_64 0.3.0 3.33 133.41 136.74 NOTE
r-release-macos-arm64 0.3.0 65.00 NOTE
r-release-macos-x86_64 0.3.0 99.00 NOTE
r-release-windows-x86_64 0.3.0 5.00 166.00 171.00 NOTE
r-oldrel-macos-arm64 0.3.0 63.00 OK
r-oldrel-macos-x86_64 0.3.0 160.00 OK
r-oldrel-windows-x86_64 0.3.0 5.00 172.00 177.00 OK

Check Details

Version: 0.3.0
Check: Rd files
Result: NOTE checkRd: (-1) noauto_scorecard.Rd:20: Lost braces; missing escapes or markup? 20 | \item{fit}{See glm {stats}.} | ^ checkRd: (-1) noauto_scorecard2.Rd:21: Lost braces; missing escapes or markup? 21 | \item{fit}{See glm {stats}.} | ^ Flavors: r-devel-linux-x86_64-debian-clang, r-devel-linux-x86_64-debian-gcc, r-devel-linux-x86_64-fedora-clang, r-devel-linux-x86_64-fedora-gcc, r-devel-windows-x86_64, r-patched-linux-x86_64, r-release-linux-x86_64, r-release-macos-arm64, r-release-macos-x86_64, r-release-windows-x86_64