Last updated on 2025-01-25 15:49:05 CET.
Flavor | Version | Tinstall | Tcheck | Ttotal | Status | Flags |
---|---|---|---|---|---|---|
r-devel-linux-x86_64-debian-clang | 0.2.1 | 4.71 | 63.51 | 68.22 | NOTE | |
r-devel-linux-x86_64-debian-gcc | 0.2.1 | 2.94 | 44.43 | 47.37 | NOTE | |
r-devel-linux-x86_64-fedora-clang | 0.2.1 | 118.01 | OK | |||
r-devel-linux-x86_64-fedora-gcc | 0.2.1 | 107.33 | NOTE | |||
r-devel-windows-x86_64 | 0.2.1 | 6.00 | 76.00 | 82.00 | OK | |
r-patched-linux-x86_64 | 0.2.1 | 3.43 | 59.31 | 62.74 | OK | |
r-release-linux-x86_64 | 0.2.1 | 4.39 | 59.74 | 64.13 | OK | |
r-release-macos-arm64 | 0.2.1 | 33.00 | OK | |||
r-release-macos-x86_64 | 0.2.1 | 49.00 | OK | |||
r-release-windows-x86_64 | 0.2.1 | 6.00 | 75.00 | 81.00 | OK | |
r-oldrel-macos-arm64 | 0.2.1 | 37.00 | OK | |||
r-oldrel-macos-x86_64 | 0.2.1 | 63.00 | OK | |||
r-oldrel-windows-x86_64 | 0.2.1 | 8.00 | 93.00 | 101.00 | OK |
Version: 0.2.1
Check: DESCRIPTION meta-information
Result: NOTE
Missing dependency on R >= 4.1.0 because package code uses the pipe
|> or function shorthand \(...) syntax added in R 4.1.0.
File(s) using such syntax:
‘calc_plan_stats.R’
Flavors: r-devel-linux-x86_64-debian-clang, r-devel-linux-x86_64-debian-gcc, r-devel-linux-x86_64-fedora-gcc