Last updated on 2025-01-15 06:48:17 CET.
Flavor | Version | Tinstall | Tcheck | Ttotal | Status | Flags |
---|---|---|---|---|---|---|
r-devel-linux-x86_64-debian-clang | 2.0-5 | 2.75 | 23.87 | 26.62 | NOTE | |
r-devel-linux-x86_64-debian-gcc | 2.0-5 | 1.90 | 19.46 | 21.36 | NOTE | |
r-devel-linux-x86_64-fedora-clang | 2.0-5 | 42.88 | NOTE | |||
r-devel-linux-x86_64-fedora-gcc | 2.0-5 | 43.40 | NOTE | |||
r-devel-windows-x86_64 | 2.0-5 | 3.00 | 52.00 | 55.00 | NOTE | |
r-patched-linux-x86_64 | 2.0-5 | 2.47 | 22.69 | 25.16 | NOTE | |
r-release-linux-x86_64 | 2.0-5 | 1.94 | 22.73 | 24.67 | NOTE | |
r-release-macos-arm64 | 2.0-5 | 17.00 | NOTE | |||
r-release-macos-x86_64 | 2.0-5 | 26.00 | NOTE | |||
r-release-windows-x86_64 | 2.0-5 | 4.00 | 51.00 | 55.00 | NOTE | |
r-oldrel-macos-arm64 | 2.0-5 | 20.00 | NOTE | |||
r-oldrel-macos-x86_64 | 2.0-5 | 25.00 | NOTE | |||
r-oldrel-windows-x86_64 | 2.0-5 | 5.00 | 45.00 | 50.00 | NOTE |
Version: 2.0-5
Check: Rd files
Result: NOTE
checkRd: (-1) ada.Rd:171: Escaped LaTeX specials: \&
Flavors: r-devel-linux-x86_64-debian-clang, r-devel-linux-x86_64-debian-gcc, r-devel-linux-x86_64-fedora-clang, r-devel-linux-x86_64-fedora-gcc, r-devel-windows-x86_64, r-patched-linux-x86_64, r-release-linux-x86_64, r-release-macos-arm64, r-release-macos-x86_64, r-release-windows-x86_64, r-oldrel-macos-arm64, r-oldrel-macos-x86_64, r-oldrel-windows-x86_64