Last updated on 2025-01-25 03:50:11 CET.
Flavor | Version | Tinstall | Tcheck | Ttotal | Status | Flags |
---|---|---|---|---|---|---|
r-devel-linux-x86_64-debian-clang | 0.0.3 | 8.79 | 66.47 | 75.26 | NOTE | |
r-devel-linux-x86_64-debian-gcc | 0.0.3 | 5.96 | 49.18 | 55.14 | NOTE | |
r-devel-linux-x86_64-fedora-clang | 0.0.3 | 122.60 | OK | |||
r-devel-linux-x86_64-fedora-gcc | 0.0.3 | 127.24 | OK | |||
r-devel-windows-x86_64 | 0.0.3 | 9.00 | 86.00 | 95.00 | NOTE | |
r-patched-linux-x86_64 | 0.0.3 | 8.92 | 63.73 | 72.65 | OK | |
r-release-linux-x86_64 | 0.0.3 | 8.07 | 62.55 | 70.62 | OK | |
r-release-macos-arm64 | 0.0.3 | 39.00 | OK | |||
r-release-macos-x86_64 | 0.0.3 | 62.00 | OK | |||
r-release-windows-x86_64 | 0.0.3 | 8.00 | 79.00 | 87.00 | OK | |
r-oldrel-macos-arm64 | 0.0.3 | 48.00 | OK | |||
r-oldrel-macos-x86_64 | 0.0.3 | 125.00 | OK | |||
r-oldrel-windows-x86_64 | 0.0.3 | 11.00 | 92.00 | 103.00 | OK |
Version: 0.0.3
Check: Rd cross-references
Result: NOTE
Found the following Rd file(s) with Rd \link{} targets missing package
anchors:
WoodburyMatrix-class.Rd: Matrix-class, symmetricMatrix-class
solve-methods.Rd: Matrix-class
Please provide package anchors for all Rd \link{} targets not in the
package itself and the base packages.
Flavors: r-devel-linux-x86_64-debian-clang, r-devel-linux-x86_64-debian-gcc, r-devel-windows-x86_64