CRAN Package Check Results for Package TransTGGM

Last updated on 2025-01-23 18:50:42 CET.

Flavor Version Tinstall Tcheck Ttotal Status Flags
r-devel-linux-x86_64-debian-clang 1.0.0 10.67 71.10 81.77 OK
r-devel-linux-x86_64-debian-gcc 1.0.0 7.80 53.38 61.18 OK
r-devel-linux-x86_64-fedora-clang 1.0.0 130.50 NOTE
r-devel-linux-x86_64-fedora-gcc 1.0.0 135.90 NOTE
r-devel-windows-x86_64 1.0.0 16.00 84.00 100.00 OK
r-patched-linux-x86_64 1.0.0 8.98 66.27 75.25 OK
r-release-linux-x86_64 1.0.0 9.02 65.60 74.62 OK
r-release-macos-arm64 1.0.0 46.00 NOTE
r-release-macos-x86_64 1.0.0 70.00 NOTE
r-release-windows-x86_64 1.0.0 13.00 83.00 96.00 OK
r-oldrel-macos-arm64 1.0.0 48.00 OK
r-oldrel-macos-x86_64 1.0.0 74.00 NOTE
r-oldrel-windows-x86_64 1.0.0 16.00 99.00 115.00 OK

Check Details

Version: 1.0.0
Check: dependencies in R code
Result: NOTE Namespaces in Imports field not imported from: ‘MASS’ ‘Matrix’ All declared Imports should be used. Flavors: r-devel-linux-x86_64-fedora-clang, r-devel-linux-x86_64-fedora-gcc

Version: 1.0.0
Check: installed package size
Result: NOTE installed size is 5.1Mb sub-directories of 1Mb or more: data 5.0Mb Flavors: r-release-macos-arm64, r-release-macos-x86_64, r-oldrel-macos-x86_64