CRAN Package Check Results for Package TestsSymmetry

Last updated on 2025-01-22 09:49:50 CET.

Flavor Version Tinstall Tcheck Ttotal Status Flags
r-devel-linux-x86_64-debian-clang 1.0.0 11.37 24.90 36.27 OK
r-devel-linux-x86_64-debian-gcc 1.0.0 9.23 20.49 29.72 OK
r-devel-linux-x86_64-fedora-clang 1.0.0 64.48 NOTE
r-devel-linux-x86_64-fedora-gcc 1.0.0 63.64 NOTE
r-devel-windows-x86_64 1.0.0 14.00 61.00 75.00 OK
r-patched-linux-x86_64 1.0.0 12.50 24.10 36.60 OK
r-release-linux-x86_64 1.0.0 12.61 24.00 36.61 OK
r-release-macos-arm64 1.0.0 23.00 OK
r-release-macos-x86_64 1.0.0 32.00 OK
r-release-windows-x86_64 1.0.0 15.00 64.00 79.00 OK
r-oldrel-macos-arm64 1.0.0 30.00 OK
r-oldrel-macos-x86_64 1.0.0 43.00 OK
r-oldrel-windows-x86_64 1.0.0 17.00 70.00 87.00 OK

Check Details

Version: 1.0.0
Check: dependencies in R code
Result: NOTE Namespace in Imports field not imported from: ‘MASS’ All declared Imports should be used. Flavors: r-devel-linux-x86_64-fedora-clang, r-devel-linux-x86_64-fedora-gcc