CRAN Package Check Results for Package TensorClustering

Last updated on 2025-01-18 09:49:33 CET.

Flavor Version Tinstall Tcheck Ttotal Status Flags
r-devel-linux-x86_64-debian-clang 1.0.2 6.81 38.88 45.69 OK
r-devel-linux-x86_64-debian-gcc 1.0.2 3.97 28.01 31.98 OK
r-devel-linux-x86_64-fedora-clang 1.0.2 72.00 NOTE
r-devel-linux-x86_64-fedora-gcc 1.0.2 71.74 NOTE
r-devel-windows-x86_64 1.0.2 9.00 60.00 69.00 OK
r-patched-linux-x86_64 1.0.2 6.41 35.32 41.73 OK
r-release-linux-x86_64 1.0.2 5.92 35.85 41.77 OK
r-release-macos-arm64 1.0.2 25.00 OK
r-release-macos-x86_64 1.0.2 38.00 OK
r-release-windows-x86_64 1.0.2 10.00 59.00 69.00 OK
r-oldrel-macos-arm64 1.0.2 25.00 OK
r-oldrel-macos-x86_64 1.0.2 38.00 OK
r-oldrel-windows-x86_64 1.0.2 12.00 68.00 80.00 OK

Check Details

Version: 1.0.2
Check: dependencies in R code
Result: NOTE Namespace in Imports field not imported from: ‘Rcpp’ All declared Imports should be used. Flavors: r-devel-linux-x86_64-fedora-clang, r-devel-linux-x86_64-fedora-gcc