Last updated on 2025-01-25 18:50:45 CET.
Flavor | Version | Tinstall | Tcheck | Ttotal | Status | Flags |
---|---|---|---|---|---|---|
r-devel-linux-x86_64-debian-clang | 2.4 | 29.72 | 227.43 | 257.15 | OK | |
r-devel-linux-x86_64-debian-gcc | 2.4 | 20.01 | 164.52 | 184.53 | OK | |
r-devel-linux-x86_64-fedora-clang | 2.4 | 421.89 | OK | |||
r-devel-linux-x86_64-fedora-gcc | 2.4 | 385.54 | OK | |||
r-devel-windows-x86_64 | 2.4 | 29.00 | 277.00 | 306.00 | OK | |
r-patched-linux-x86_64 | 2.4 | 25.38 | 211.54 | 236.92 | OK | |
r-release-linux-x86_64 | 2.4 | 29.14 | 208.79 | 237.93 | OK | |
r-release-macos-arm64 | 2.4 | 105.00 | OK | |||
r-release-macos-x86_64 | 2.4 | 163.00 | OK | |||
r-release-windows-x86_64 | 2.4 | 26.00 | 196.00 | 222.00 | OK | |
r-oldrel-macos-arm64 | 2.4 | 16.00 | ERROR | |||
r-oldrel-macos-x86_64 | 2.4 | 10.00 | ERROR | |||
r-oldrel-windows-x86_64 | 2.4 | 33.00 | 285.00 | 318.00 | OK |
Version: 2.4
Check: package dependencies
Result: ERROR
Package required but not available: ‘microbiome’
See section ‘The DESCRIPTION file’ in the ‘Writing R Extensions’
manual.
Flavors: r-oldrel-macos-arm64, r-oldrel-macos-x86_64