CRAN Package Check Results for Package TITAN2

Last updated on 2025-01-18 15:48:37 CET.

Flavor Version Tinstall Tcheck Ttotal Status Flags
r-devel-linux-x86_64-debian-clang 2.4.3 7.69 109.78 117.47 NOTE
r-devel-linux-x86_64-debian-gcc 2.4.3 5.06 77.97 83.03 NOTE
r-devel-linux-x86_64-fedora-clang 2.4.3 188.60 OK
r-devel-linux-x86_64-fedora-gcc 2.4.3 207.38 OK
r-devel-windows-x86_64 2.4.3 11.00 201.00 212.00 NOTE
r-patched-linux-x86_64 2.4.3 13.09 102.60 115.69 OK
r-release-linux-x86_64 2.4.3 7.22 103.81 111.03 OK
r-release-macos-arm64 2.4.3 58.00 OK
r-release-macos-x86_64 2.4.3 128.00 OK
r-release-windows-x86_64 2.4.3 10.00 368.00 378.00 OK
r-oldrel-macos-arm64 2.4.3 59.00 OK
r-oldrel-macos-x86_64 2.4.3 134.00 OK
r-oldrel-windows-x86_64 2.4.3 10.00 416.00 426.00 OK

Check Details

Version: 2.4.3
Check: Rd cross-references
Result: NOTE Found the following Rd file(s) with Rd \link{} targets missing package anchors: plot_taxa_ridges.Rd: scale_fill_gradient, theme_ridges, geom_density_ridges Please provide package anchors for all Rd \link{} targets not in the package itself and the base packages. Flavors: r-devel-linux-x86_64-debian-clang, r-devel-linux-x86_64-debian-gcc, r-devel-windows-x86_64