Last updated on 2025-01-26 03:50:02 CET.
Flavor | Version | Tinstall | Tcheck | Ttotal | Status | Flags |
---|---|---|---|---|---|---|
r-devel-linux-x86_64-debian-clang | 0.2.1 | 5.95 | 402.75 | 408.70 | NOTE | |
r-devel-linux-x86_64-debian-gcc | 0.2.1 | 4.32 | 278.64 | 282.96 | NOTE | |
r-devel-linux-x86_64-fedora-clang | 0.2.1 | 672.60 | OK | |||
r-devel-linux-x86_64-fedora-gcc | 0.2.1 | 716.68 | NOTE | |||
r-devel-windows-x86_64 | 0.2.1 | 10.00 | 683.00 | 693.00 | OK | |
r-patched-linux-x86_64 | 0.2.1 | 5.80 | 387.25 | 393.05 | OK | |
r-release-linux-x86_64 | 0.2.1 | 6.71 | 381.53 | 388.24 | OK | |
r-release-macos-arm64 | 0.2.1 | 181.00 | OK | |||
r-release-macos-x86_64 | 0.2.1 | 551.00 | OK | |||
r-release-windows-x86_64 | 0.2.1 | 8.00 | 419.00 | 427.00 | OK | |
r-oldrel-macos-arm64 | 0.2.1 | 255.00 | OK | |||
r-oldrel-macos-x86_64 | 0.2.1 | 573.00 | OK | |||
r-oldrel-windows-x86_64 | 0.2.1 | 10.00 | 564.00 | 574.00 | OK |
Version: 0.2.1
Check: DESCRIPTION meta-information
Result: NOTE
Missing dependency on R >= 4.1.0 because package code uses the pipe
|> or function shorthand \(...) syntax added in R 4.1.0.
File(s) using such syntax:
‘defStormsList.R’
Flavors: r-devel-linux-x86_64-debian-clang, r-devel-linux-x86_64-debian-gcc, r-devel-linux-x86_64-fedora-gcc