Last updated on 2025-01-17 21:49:48 CET.
Flavor | Version | Tinstall | Tcheck | Ttotal | Status | Flags |
---|---|---|---|---|---|---|
r-devel-linux-x86_64-debian-clang | 1.0.3 | 41.70 | 418.07 | 459.77 | OK | |
r-devel-linux-x86_64-debian-gcc | 1.0.3 | 28.35 | 281.60 | 309.95 | OK | |
r-devel-linux-x86_64-fedora-clang | 1.0.3 | 786.30 | OK | |||
r-devel-linux-x86_64-fedora-gcc | 1.0.3 | 743.80 | OK | |||
r-devel-windows-x86_64 | 1.0.3 | 50.00 | 569.00 | 619.00 | OK | |
r-patched-linux-x86_64 | 1.0.3 | 38.54 | 378.72 | 417.26 | OK | |
r-release-linux-x86_64 | 1.0.3 | 33.55 | 380.54 | 414.09 | OK | |
r-release-macos-arm64 | 1.0.3 | 137.00 | OK | |||
r-release-macos-x86_64 | 1.0.3 | 228.00 | OK | |||
r-release-windows-x86_64 | 1.0.3 | 50.00 | 554.00 | 604.00 | OK | |
r-oldrel-macos-arm64 | 1.0.3 | 10.00 | ERROR | |||
r-oldrel-macos-x86_64 | 1.0.3 | 11.00 | ERROR | |||
r-oldrel-windows-x86_64 | 1.0.3 | 56.00 | 693.00 | 749.00 | OK |
Version: 1.0.3
Check: package dependencies
Result: ERROR
Package required but not available: ‘SpatialExperiment’
Package suggested but not available for checking: ‘HDF5Array’
See section ‘The DESCRIPTION file’ in the ‘Writing R Extensions’
manual.
Flavors: r-oldrel-macos-arm64, r-oldrel-macos-x86_64