CRAN Package Check Results for Package SmoothTensor

Last updated on 2025-01-22 09:49:48 CET.

Flavor Version Tinstall Tcheck Ttotal Status Flags
r-devel-linux-x86_64-debian-clang 0.1.1 5.80 53.35 59.15 NOTE
r-devel-linux-x86_64-debian-gcc 0.1.1 4.74 39.37 44.11 NOTE
r-devel-linux-x86_64-fedora-clang 0.1.1 96.45 NOTE
r-devel-linux-x86_64-fedora-gcc 0.1.1 90.13 NOTE
r-devel-windows-x86_64 0.1.1 7.00 67.00 74.00 NOTE
r-patched-linux-x86_64 0.1.1 5.84 50.93 56.77 NOTE
r-release-linux-x86_64 0.1.1 5.95 51.21 57.16 NOTE
r-release-macos-arm64 0.1.1 30.00 NOTE
r-release-macos-x86_64 0.1.1 45.00 NOTE
r-release-windows-x86_64 0.1.1 7.00 67.00 74.00 NOTE
r-oldrel-macos-arm64 0.1.1 34.00 NOTE
r-oldrel-macos-x86_64 0.1.1 49.00 NOTE
r-oldrel-windows-x86_64 0.1.1 7.00 71.00 78.00 NOTE

Check Details

Version: 0.1.1
Check: package subdirectories
Result: NOTE Problems with news in ‘NEWS.md’: No news entries found. Flavors: r-devel-linux-x86_64-debian-clang, r-devel-linux-x86_64-debian-gcc, r-devel-linux-x86_64-fedora-clang, r-devel-linux-x86_64-fedora-gcc, r-devel-windows-x86_64, r-patched-linux-x86_64, r-release-linux-x86_64, r-release-macos-arm64, r-release-macos-x86_64, r-release-windows-x86_64, r-oldrel-macos-arm64, r-oldrel-macos-x86_64, r-oldrel-windows-x86_64

Version: 0.1.1
Check: dependencies in R code
Result: NOTE Namespace in Imports field not imported from: ‘methods’ All declared Imports should be used. Flavors: r-devel-linux-x86_64-fedora-clang, r-devel-linux-x86_64-fedora-gcc