Last updated on 2025-01-13 06:50:43 CET.
Flavor | Version | Tinstall | Tcheck | Ttotal | Status | Flags |
---|---|---|---|---|---|---|
r-devel-linux-x86_64-debian-clang | 2.3.1 | 2.36 | 25.74 | 28.10 | NOTE | |
r-devel-linux-x86_64-debian-gcc | 2.3.1 | 1.78 | 20.47 | 22.25 | NOTE | |
r-devel-linux-x86_64-fedora-clang | 2.3.1 | 44.97 | OK | |||
r-devel-linux-x86_64-fedora-gcc | 2.3.1 | 44.62 | OK | |||
r-devel-windows-x86_64 | 2.3.1 | 5.00 | 49.00 | 54.00 | NOTE | |
r-patched-linux-x86_64 | 2.3.1 | 9.52 | 24.01 | 33.53 | OK | |
r-release-linux-x86_64 | 2.3.1 | 2.46 | 24.05 | 26.51 | OK | |
r-release-macos-arm64 | 2.3.1 | 19.00 | OK | |||
r-release-macos-x86_64 | 2.3.1 | 28.00 | OK | |||
r-release-windows-x86_64 | 2.3.1 | 5.00 | 55.00 | 60.00 | OK | |
r-oldrel-macos-arm64 | 2.3.1 | 20.00 | OK | |||
r-oldrel-macos-x86_64 | 2.3.1 | 25.00 | OK | |||
r-oldrel-windows-x86_64 | 2.3.1 | 5.00 | 53.00 | 58.00 | OK |
Version: 2.3.1
Check: Rd cross-references
Result: NOTE
Found the following Rd file(s) with Rd \link{} targets missing package
anchors:
plot.LocationDatum.Rd: qmap, geom_point
Please provide package anchors for all Rd \link{} targets not in the
package itself and the base packages.
Flavors: r-devel-linux-x86_64-debian-clang, r-devel-linux-x86_64-debian-gcc, r-devel-windows-x86_64