Last updated on 2025-01-20 19:49:26 CET.
Flavor | Version | Tinstall | Tcheck | Ttotal | Status | Flags |
---|---|---|---|---|---|---|
r-devel-linux-x86_64-debian-clang | 1.4 | 6.94 | 104.86 | 111.80 | NOTE | |
r-devel-linux-x86_64-debian-gcc | 1.4 | 6.04 | 69.38 | 75.42 | NOTE | |
r-devel-linux-x86_64-fedora-clang | 1.4 | 191.08 | OK | |||
r-devel-linux-x86_64-fedora-gcc | 1.4 | 188.98 | OK | |||
r-devel-windows-x86_64 | 1.4 | 10.00 | 125.00 | 135.00 | NOTE | |
r-patched-linux-x86_64 | 1.4 | 12.22 | 98.12 | 110.34 | OK | |
r-release-linux-x86_64 | 1.4 | 8.79 | 97.65 | 106.44 | OK | |
r-release-macos-arm64 | 1.4 | 46.00 | OK | |||
r-release-macos-x86_64 | 1.4 | 73.00 | OK | |||
r-release-windows-x86_64 | 1.4 | 11.00 | 122.00 | 133.00 | OK | |
r-oldrel-macos-arm64 | 1.4 | 47.00 | OK | |||
r-oldrel-macos-x86_64 | 1.4 | 73.00 | OK | |||
r-oldrel-windows-x86_64 | 1.4 | 14.00 | 149.00 | 163.00 | OK |
Version: 1.4
Check: Rd cross-references
Result: NOTE
Found the following Rd file(s) with Rd \link{} targets missing package
anchors:
createSaturated.Rd: FrF2, DoE.base
Please provide package anchors for all Rd \link{} targets not in the
package itself and the base packages.
Flavors: r-devel-linux-x86_64-debian-clang, r-devel-linux-x86_64-debian-gcc, r-devel-windows-x86_64