Last updated on 2025-01-20 19:49:24 CET.
Flavor | Version | Tinstall | Tcheck | Ttotal | Status | Flags |
---|---|---|---|---|---|---|
r-devel-linux-x86_64-debian-clang | 3.1-4 | 13.78 | 88.03 | 101.81 | NOTE | |
r-devel-linux-x86_64-debian-gcc | 3.1-4 | 8.04 | 57.78 | 65.82 | NOTE | |
r-devel-linux-x86_64-fedora-clang | 3.1-4 | 167.42 | OK | |||
r-devel-linux-x86_64-fedora-gcc | 3.1-4 | 160.45 | OK | |||
r-devel-windows-x86_64 | 3.1-4 | 13.00 | 117.00 | 130.00 | NOTE | |
r-patched-linux-x86_64 | 3.1-4 | 13.25 | 82.58 | 95.83 | OK | |
r-release-linux-x86_64 | 3.1-4 | 10.98 | 82.15 | 93.13 | OK | |
r-release-macos-arm64 | 3.1-4 | 38.00 | OK | |||
r-release-macos-x86_64 | 3.1-4 | 62.00 | OK | |||
r-release-windows-x86_64 | 3.1-4 | 14.00 | 117.00 | 131.00 | OK | |
r-oldrel-macos-arm64 | 3.1-4 | 45.00 | OK | |||
r-oldrel-macos-x86_64 | 3.1-4 | 112.00 | OK | |||
r-oldrel-windows-x86_64 | 3.1-4 | 17.00 | 135.00 | 152.00 | OK |
Version: 3.1-4
Check: Rd cross-references
Result: NOTE
Found the following Rd file(s) with Rd \link{} targets missing package
anchors:
NBlevy.Rd: glm.nb
Please provide package anchors for all Rd \link{} targets not in the
package itself and the base packages.
Flavors: r-devel-linux-x86_64-debian-clang, r-devel-linux-x86_64-debian-gcc, r-devel-windows-x86_64