CRAN Package Check Results for Package RQuantLib

Last updated on 2025-01-26 07:52:48 CET.

Flavor Version Tinstall Tcheck Ttotal Status Flags
r-devel-linux-x86_64-debian-clang 0.4.24 505.96 49.53 555.49 NOTE
r-devel-linux-x86_64-debian-gcc 0.4.24 501.04 37.29 538.33 NOTE
r-devel-linux-x86_64-fedora-gcc 0.4.24 1561.70 NOTE
r-devel-windows-x86_64 0.4.24 789.00 126.00 915.00 OK
r-patched-linux-x86_64 0.4.24 702.04 46.49 748.53 OK
r-release-linux-x86_64 0.4.24 695.59 46.08 741.67 OK
r-release-macos-arm64 0.4.24 194.00 WARN
r-release-macos-x86_64 0.4.24 328.00 NOTE
r-release-windows-x86_64 0.4.24 789.00 122.00 911.00 NOTE
r-oldrel-macos-arm64 0.4.24 195.00 NOTE
r-oldrel-macos-x86_64 0.4.24 105.00 NOTE
r-oldrel-windows-x86_64 0.4.24 938.00 142.00 1080.00 NOTE

Check Details

Version: 0.4.24
Check: top-level files
Result: NOTE possible bashism in configure.ac line 70 (should be 'b = a'): if test x"${QUANTLIB}" == x"yes" ; then possible bashism in configure.ac line 95 (should be 'b = a'): elif test "`uname`" == "Darwin" ; then Flavors: r-devel-linux-x86_64-debian-clang, r-devel-linux-x86_64-debian-gcc, r-devel-linux-x86_64-fedora-gcc

Version: 0.4.24
Check: whether package can be installed
Result: WARN Found the following significant warnings: /opt/R/arm64/include/boost/math/tools/config.hpp:23:6: warning: "The minimum language standard to use Boost.Math will be C++14 starting in July 2023 (Boost 1.82 release)" [-W#warnings] # warning "The minimum language standard to use Boost.Math will be C++14 starting in July 2023 (Boost 1.82 release)" See ‘/Volumes/Builds/packages/big-sur-arm64/results/4.4/RQuantLib.Rcheck/00install.out’ for details. * used C++ compiler: ‘Apple clang version 14.0.0 (clang-1400.0.29.202)’ * used SDK: ‘MacOSX11.3.sdk’ Flavor: r-release-macos-arm64

Version: 0.4.24
Check: installed package size
Result: NOTE installed size is 104.2Mb sub-directories of 1Mb or more: libs 103.6Mb Flavors: r-release-macos-arm64, r-release-macos-x86_64, r-release-windows-x86_64, r-oldrel-macos-arm64, r-oldrel-macos-x86_64, r-oldrel-windows-x86_64