Last updated on 2025-01-25 03:50:04 CET.
Flavor | Version | Tinstall | Tcheck | Ttotal | Status | Flags |
---|---|---|---|---|---|---|
r-devel-linux-x86_64-debian-clang | 0.1.35 | 80.38 | 181.61 | 261.99 | OK | |
r-devel-linux-x86_64-debian-gcc | 0.1.35 | 69.64 | 125.06 | 194.70 | OK | |
r-devel-linux-x86_64-fedora-clang | 0.1.35 | 452.99 | OK | |||
r-devel-linux-x86_64-fedora-gcc | 0.1.35 | 476.73 | OK | |||
r-devel-windows-x86_64 | 0.1.35 | 84.00 | 190.00 | 274.00 | OK | |
r-patched-linux-x86_64 | 0.1.35 | 98.51 | 174.96 | 273.47 | OK | |
r-release-linux-x86_64 | 0.1.35 | 96.54 | 175.96 | 272.50 | OK | |
r-release-macos-arm64 | 0.1.35 | 110.00 | NOTE | |||
r-release-macos-x86_64 | 0.1.35 | 175.00 | NOTE | |||
r-release-windows-x86_64 | 0.1.35 | 76.00 | 195.00 | 271.00 | OK | |
r-oldrel-macos-arm64 | 0.1.35 | 112.00 | NOTE | |||
r-oldrel-macos-x86_64 | 0.1.35 | 327.00 | NOTE | |||
r-oldrel-windows-x86_64 | 0.1.35 | 94.00 | 252.00 | 346.00 | OK |
Version: 0.1.35
Check: installed package size
Result: NOTE
installed size is 34.7Mb
sub-directories of 1Mb or more:
libs 33.2Mb
Flavors: r-release-macos-arm64, r-release-macos-x86_64, r-oldrel-macos-arm64, r-oldrel-macos-x86_64