Last updated on 2025-01-18 09:49:26 CET.
Flavor | Version | Tinstall | Tcheck | Ttotal | Status | Flags |
---|---|---|---|---|---|---|
r-devel-linux-x86_64-debian-clang | 0.4-31 | 21.03 | 115.91 | 136.94 | NOTE | |
r-devel-linux-x86_64-debian-gcc | 0.4-31 | 13.81 | 79.12 | 92.93 | NOTE | |
r-devel-linux-x86_64-fedora-clang | 0.4-31 | 226.20 | OK | |||
r-devel-linux-x86_64-fedora-gcc | 0.4-31 | 232.09 | OK | |||
r-devel-windows-x86_64 | 0.4-31 | 25.00 | 153.00 | 178.00 | NOTE | |
r-patched-linux-x86_64 | 0.4-31 | 20.50 | 108.26 | 128.76 | OK | |
r-release-linux-x86_64 | 0.4-31 | 20.77 | 108.37 | 129.14 | OK | |
r-release-macos-arm64 | 0.4-31 | 64.00 | OK | |||
r-release-macos-x86_64 | 0.4-31 | 175.00 | OK | |||
r-release-windows-x86_64 | 0.4-31 | 24.00 | 144.00 | 168.00 | OK | |
r-oldrel-macos-arm64 | 0.4-31 | 67.00 | OK | |||
r-oldrel-macos-x86_64 | 0.4-31 | 114.00 | OK | |||
r-oldrel-windows-x86_64 | 0.4-31 | 29.00 | 177.00 | 206.00 | OK |
Version: 0.4-31
Check: Rd cross-references
Result: NOTE
Found the following Rd file(s) with Rd \link{} targets missing package
anchors:
game-aux.Rd: gam
game.Rd: gam
Please provide package anchors for all Rd \link{} targets not in the
package itself and the base packages.
Flavors: r-devel-linux-x86_64-debian-clang, r-devel-linux-x86_64-debian-gcc, r-devel-windows-x86_64