Last updated on 2025-06-23 10:52:47 CEST.
Flavor | Version | Tinstall | Tcheck | Ttotal | Status | Flags |
---|---|---|---|---|---|---|
r-devel-linux-x86_64-debian-clang | 0.5.0 | 8.68 | 1234.44 | 1243.12 | OK | |
r-devel-linux-x86_64-debian-gcc | 0.5.1 | 5.16 | 379.75 | 384.91 | OK | |
r-devel-linux-x86_64-fedora-clang | 0.5.1 | 891.85 | OK | |||
r-devel-linux-x86_64-fedora-gcc | 0.5.1 | 839.79 | OK | |||
r-devel-windows-x86_64 | 0.5.1 | 10.00 | 431.00 | 441.00 | OK | |
r-patched-linux-x86_64 | 0.4.0 | 7.87 | 443.11 | 450.98 | OK | |
r-release-linux-x86_64 | 0.5.1 | 8.00 | 502.16 | 510.16 | OK | |
r-release-macos-arm64 | 0.5.1 | 209.00 | OK | |||
r-release-macos-x86_64 | 0.5.1 | 333.00 | OK | |||
r-release-windows-x86_64 | 0.5.1 | 14.00 | 448.00 | 462.00 | OK | |
r-oldrel-macos-arm64 | 0.5.1 | 220.00 | NOTE | |||
r-oldrel-macos-x86_64 | 0.5.1 | 297.00 | NOTE | |||
r-oldrel-windows-x86_64 | 0.5.1 | 12.00 | 612.00 | 624.00 | NOTE |
Version: 0.5.1
Check: installed package size
Result: NOTE
installed size is 18.1Mb
sub-directories of 1Mb or more:
doc 17.1Mb
Flavors: r-oldrel-macos-arm64, r-oldrel-macos-x86_64, r-oldrel-windows-x86_64