Last updated on 2025-01-24 09:49:22 CET.
Flavor | Version | Tinstall | Tcheck | Ttotal | Status | Flags |
---|---|---|---|---|---|---|
r-devel-linux-x86_64-debian-clang | 0.1.0 | 2.24 | 51.24 | 53.48 | NOTE | |
r-devel-linux-x86_64-debian-gcc | 0.1.0 | 1.70 | 37.84 | 39.54 | NOTE | |
r-devel-linux-x86_64-fedora-clang | 0.1.0 | 88.57 | OK | |||
r-devel-linux-x86_64-fedora-gcc | 0.1.0 | 95.91 | OK | |||
r-devel-windows-x86_64 | 0.1.0 | 4.00 | 65.00 | 69.00 | OK | |
r-patched-linux-x86_64 | 0.1.0 | 2.35 | 49.14 | 51.49 | OK | |
r-release-linux-x86_64 | 0.1.0 | 2.12 | 48.74 | 50.86 | OK | |
r-release-macos-arm64 | 0.1.0 | 37.00 | OK | |||
r-release-macos-x86_64 | 0.1.0 | 47.00 | OK | |||
r-release-windows-x86_64 | 0.1.0 | 4.00 | 67.00 | 71.00 | OK | |
r-oldrel-macos-arm64 | 0.1.0 | 29.00 | OK | |||
r-oldrel-macos-x86_64 | 0.1.0 | 61.00 | OK | |||
r-oldrel-windows-x86_64 | 0.1.0 | 5.00 | 75.00 | 80.00 | OK |
Version: 0.1.0
Check: DESCRIPTION meta-information
Result: NOTE
Missing dependency on R >= 4.1.0 because package code uses the pipe
|> or function shorthand \(...) syntax added in R 4.1.0.
File(s) using such syntax:
‘OLStraj.R’ ‘cbc_lm.R’
Flavors: r-devel-linux-x86_64-debian-clang, r-devel-linux-x86_64-debian-gcc