Last updated on 2025-01-21 18:49:47 CET.
Flavor | Version | Tinstall | Tcheck | Ttotal | Status | Flags |
---|---|---|---|---|---|---|
r-devel-linux-x86_64-debian-clang | 3.3 | 4.75 | 40.49 | 45.24 | NOTE | |
r-devel-linux-x86_64-debian-gcc | 3.3 | 3.15 | 30.33 | 33.48 | NOTE | |
r-devel-linux-x86_64-fedora-clang | 3.3 | 77.06 | NOTE | |||
r-devel-linux-x86_64-fedora-gcc | 3.3 | 68.57 | NOTE | |||
r-devel-windows-x86_64 | 3.3 | 7.00 | 72.00 | 79.00 | NOTE | |
r-patched-linux-x86_64 | 3.3 | 5.07 | 39.24 | 44.31 | NOTE | |
r-release-linux-x86_64 | 3.3 | 4.23 | 38.92 | 43.15 | NOTE | |
r-release-macos-arm64 | 3.3 | 26.00 | NOTE | |||
r-release-macos-x86_64 | 3.3 | 36.00 | NOTE | |||
r-release-windows-x86_64 | 3.3 | 6.00 | 70.00 | 76.00 | NOTE | |
r-oldrel-macos-arm64 | 3.3 | 30.00 | NOTE | |||
r-oldrel-macos-x86_64 | 3.3 | 38.00 | NOTE | |||
r-oldrel-windows-x86_64 | 3.3 | 7.00 | 80.00 | 87.00 | NOTE |
Version: 3.3
Check: Rd files
Result: NOTE
checkRd: (-1) graphresU.fun.Rd:72: Escaped LaTeX specials: \&
Flavors: r-devel-linux-x86_64-debian-clang, r-devel-linux-x86_64-debian-gcc, r-devel-linux-x86_64-fedora-clang, r-devel-linux-x86_64-fedora-gcc, r-devel-windows-x86_64, r-patched-linux-x86_64, r-release-linux-x86_64, r-release-macos-arm64, r-release-macos-x86_64, r-release-windows-x86_64, r-oldrel-macos-arm64, r-oldrel-macos-x86_64, r-oldrel-windows-x86_64