CRAN Package Check Results for Package MinEDfind

Last updated on 2025-05-04 07:53:06 CEST.

Flavor Version Tinstall Tcheck Ttotal Status Flags
r-devel-linux-x86_64-debian-clang 0.1.3 5.36 48.04 53.40 NOTE
r-devel-linux-x86_64-debian-gcc 0.1.3 3.63 33.06 36.69 NOTE
r-devel-linux-x86_64-fedora-clang 0.1.3 74.11 OK
r-devel-linux-x86_64-fedora-gcc 0.1.3 80.43 OK
r-devel-windows-x86_64 0.1.3 7.00 62.00 69.00 OK
r-patched-linux-x86_64 0.1.3 4.84 44.81 49.65 OK
r-release-linux-x86_64 OK
r-release-macos-arm64 0.1.3 32.00 OK
r-release-macos-x86_64 0.1.3 45.00 OK
r-release-windows-x86_64 0.1.3 7.00 60.00 67.00 OK
r-oldrel-macos-arm64 0.1.3 25.00 NOTE
r-oldrel-macos-x86_64 0.1.3 33.00 NOTE
r-oldrel-windows-x86_64 0.1.3 8.00 74.00 82.00 NOTE

Check Details

Version: 0.1.3
Check: CRAN incoming feasibility
Result: NOTE Maintainer: ‘Chia-Wei Hsu <Chia-Wei.Hsu@stjude.org>’ No Authors@R field in DESCRIPTION. Please add one, modifying Authors@R: c(person(given = "Chia-Wei", family = "Hsu", role = c("aut", "cre"), email = "chia-wei.hsu@stjude.org"), person(given = "Fang", family = "Wang", role = "aut"), person(given = "Rongji", family = "Mu", role = "aut"), person(given = "Haitao", family = "Pan", role = "aut"), person(given = "Guoying", family = "Xu", role = "aut")) as necessary. Flavors: r-devel-linux-x86_64-debian-clang, r-devel-linux-x86_64-debian-gcc

Version: 0.1.3
Check: LazyData
Result: NOTE 'LazyData' is specified without a 'data' directory Flavors: r-oldrel-macos-arm64, r-oldrel-macos-x86_64, r-oldrel-windows-x86_64