CRAN Package Check Results for Package MethodOpt

Last updated on 2025-01-13 18:49:24 CET.

Flavor Version Tinstall Tcheck Ttotal Status Flags
r-devel-linux-x86_64-debian-clang 1.0.0 7.14 39.00 46.14 OK
r-devel-linux-x86_64-debian-gcc 1.0.0 4.89 27.36 32.25 OK
r-devel-linux-x86_64-fedora-clang 1.0.0 75.58 NOTE
r-devel-linux-x86_64-fedora-gcc 1.0.0 84.69 NOTE
r-devel-windows-x86_64 1.0.0 9.00 56.00 65.00 OK
r-patched-linux-x86_64 1.0.0 5.74 35.97 41.71 OK
r-release-linux-x86_64 1.0.0 5.27 36.26 41.53 OK
r-release-macos-arm64 1.0.0 30.00 OK
r-release-macos-x86_64 1.0.0 51.00 OK
r-release-windows-x86_64 1.0.0 10.00 55.00 65.00 OK
r-oldrel-macos-arm64 1.0.0 34.00 OK
r-oldrel-macos-x86_64 1.0.0 51.00 OK
r-oldrel-windows-x86_64 1.0.0 11.00 62.00 73.00 OK

Check Details

Version: 1.0.0
Check: dependencies in R code
Result: NOTE Namespace in Imports field not imported from: ‘shinyBS’ All declared Imports should be used. Flavors: r-devel-linux-x86_64-fedora-clang, r-devel-linux-x86_64-fedora-gcc