Last updated on 2025-01-25 09:49:22 CET.
Flavor | Version | Tinstall | Tcheck | Ttotal | Status | Flags |
---|---|---|---|---|---|---|
r-devel-linux-x86_64-debian-clang | 1.0-8 | 2.27 | 36.72 | 38.99 | NOTE | |
r-devel-linux-x86_64-debian-gcc | 1.0-8 | 1.64 | 29.57 | 31.21 | NOTE | |
r-devel-linux-x86_64-fedora-clang | 1.0-8 | 61.02 | OK | |||
r-devel-linux-x86_64-fedora-gcc | 1.0-8 | 71.43 | OK | |||
r-devel-windows-x86_64 | 1.0-8 | 3.00 | 74.00 | 77.00 | OK | |
r-patched-linux-x86_64 | 1.0-8 | 2.17 | 33.91 | 36.08 | OK | |
r-release-linux-x86_64 | 1.0-8 | 1.93 | 34.19 | 36.12 | OK | |
r-release-macos-arm64 | 1.0-8 | 29.00 | OK | |||
r-release-macos-x86_64 | 1.0-8 | 43.00 | OK | |||
r-release-windows-x86_64 | 1.0-8 | 3.00 | 72.00 | 75.00 | OK | |
r-oldrel-macos-arm64 | 1.0-8 | 32.00 | OK | |||
r-oldrel-macos-x86_64 | 1.0-8 | 46.00 | OK | |||
r-oldrel-windows-x86_64 | 1.0-8 | 4.00 | 75.00 | 79.00 | OK |
Version: 1.0-8
Check: for unstated dependencies in ‘demo’
Result: NOTE
'library' or 'require' call not declared from: ‘ellipse’
Flavors: r-devel-linux-x86_64-debian-clang, r-devel-linux-x86_64-debian-gcc