Last updated on 2025-01-26 01:48:31 CET.
Flavor | Version | Tinstall | Tcheck | Ttotal | Status | Flags |
---|---|---|---|---|---|---|
r-devel-linux-x86_64-debian-clang | 0.3.3 | 30.41 | 223.36 | 253.77 | NOTE | |
r-devel-linux-x86_64-debian-gcc | 0.3.3 | 20.06 | 163.81 | 183.87 | NOTE | |
r-devel-linux-x86_64-fedora-clang | 0.3.3 | 413.92 | NOTE | |||
r-devel-linux-x86_64-fedora-gcc | 0.3.3 | 373.64 | NOTE | |||
r-devel-windows-x86_64 | 0.3.3 | 31.00 | 193.00 | 224.00 | NOTE | |
r-patched-linux-x86_64 | 0.3.3 | 27.57 | 206.91 | 234.48 | NOTE | |
r-release-linux-x86_64 | 0.3.3 | 25.61 | 203.74 | 229.35 | NOTE | |
r-release-macos-arm64 | 0.3.3 | 96.00 | NOTE | |||
r-release-macos-x86_64 | 0.3.3 | 144.00 | NOTE | |||
r-release-windows-x86_64 | 0.3.3 | 32.00 | 190.00 | 222.00 | NOTE | |
r-oldrel-macos-arm64 | 0.3.3 | 84.00 | OK | |||
r-oldrel-macos-x86_64 | 0.3.3 | 173.00 | OK | |||
r-oldrel-windows-x86_64 | 0.3.3 | 37.00 | 254.00 | 291.00 | OK |
Version: 0.3.3
Check: Rd files
Result: NOTE
checkRd: (-1) SignalProcessing.Rd:42: Lost braces; missing escapes or markup?
42 | \item{calibrateIntensity_method}{a \code{character} indicating the intensities calibration method used (\code{"TIC"} method by default). This calibration method can be remplaced by \code{"PQN"} or {"median"}.See \code{calibrateIntensity-methods} of the \code{MALDIquant} R package for details.}
| ^
Flavors: r-devel-linux-x86_64-debian-clang, r-devel-linux-x86_64-debian-gcc, r-devel-linux-x86_64-fedora-clang, r-devel-linux-x86_64-fedora-gcc, r-devel-windows-x86_64, r-patched-linux-x86_64, r-release-linux-x86_64, r-release-macos-arm64, r-release-macos-x86_64, r-release-windows-x86_64