Last updated on 2025-01-15 21:48:28 CET.
Flavor | Version | Tinstall | Tcheck | Ttotal | Status | Flags |
---|---|---|---|---|---|---|
r-devel-linux-x86_64-debian-clang | 0.1.0 | 885.54 | 212.32 | 1097.86 | OK | |
r-devel-linux-x86_64-debian-gcc | 0.1.0 | 830.30 | 208.84 | 1039.14 | OK | |
r-devel-linux-x86_64-fedora-clang | 0.1.0 | 1683.61 | NOTE | |||
r-devel-linux-x86_64-fedora-gcc | 0.1.0 | 2500.59 | NOTE | |||
r-devel-windows-x86_64 | 0.1.0 | 790.00 | 310.00 | 1100.00 | OK | |
r-patched-linux-x86_64 | 0.1.0 | 1034.99 | 282.67 | 1317.66 | NOTE | |
r-release-linux-x86_64 | 0.1.0 | 1039.33 | 284.23 | 1323.56 | NOTE | |
r-release-macos-arm64 | 0.1.0 | 434.00 | NOTE | |||
r-release-macos-x86_64 | 0.1.0 | 413.00 | NOTE | |||
r-release-windows-x86_64 | 0.1.0 | 796.00 | 305.00 | 1101.00 | NOTE | |
r-oldrel-macos-arm64 | 0.1.0 | 447.00 | NOTE | |||
r-oldrel-macos-x86_64 | 0.1.0 | 708.00 | NOTE | |||
r-oldrel-windows-x86_64 | 0.1.0 | 1102.00 | 369.00 | 1471.00 | NOTE |
Version: 0.1.0
Check: dependencies in R code
Result: NOTE
Namespaces in Imports field not imported from:
‘pracma’ ‘rstantools’
All declared Imports should be used.
Flavors: r-devel-linux-x86_64-fedora-clang, r-devel-linux-x86_64-fedora-gcc
Version: 0.1.0
Check: for GNU extensions in Makefiles
Result: NOTE
GNU make is a SystemRequirements.
Flavors: r-patched-linux-x86_64, r-release-linux-x86_64, r-release-macos-arm64, r-release-macos-x86_64, r-release-windows-x86_64, r-oldrel-macos-arm64, r-oldrel-macos-x86_64, r-oldrel-windows-x86_64
Version: 0.1.0
Check: installed package size
Result: NOTE
installed size is 164.3Mb
sub-directories of 1Mb or more:
libs 163.7Mb
Flavors: r-release-macos-arm64, r-release-macos-x86_64, r-release-windows-x86_64, r-oldrel-macos-arm64, r-oldrel-macos-x86_64, r-oldrel-windows-x86_64