Last updated on 2025-01-25 12:49:28 CET.
Flavor | Version | Tinstall | Tcheck | Ttotal | Status | Flags |
---|---|---|---|---|---|---|
r-devel-linux-x86_64-debian-clang | 0.4.0 | 5.24 | 40.90 | 46.14 | NOTE | |
r-devel-linux-x86_64-debian-gcc | 0.4.0 | 4.08 | 29.95 | 34.03 | NOTE | |
r-devel-linux-x86_64-fedora-clang | 0.4.0 | 73.01 | OK | |||
r-devel-linux-x86_64-fedora-gcc | 0.4.0 | 69.97 | NOTE | |||
r-devel-windows-x86_64 | 0.4.0 | 7.00 | 59.00 | 66.00 | OK | |
r-patched-linux-x86_64 | 0.4.0 | 5.62 | 36.84 | 42.46 | OK | |
r-release-linux-x86_64 | 0.4.0 | 5.02 | 37.12 | 42.14 | OK | |
r-release-macos-arm64 | 0.4.0 | 25.00 | OK | |||
r-release-macos-x86_64 | 0.4.0 | 37.00 | OK | |||
r-release-windows-x86_64 | 0.4.0 | 9.00 | 57.00 | 66.00 | OK | |
r-oldrel-macos-arm64 | 0.4.0 | 35.00 | OK | |||
r-oldrel-macos-x86_64 | 0.4.0 | 46.00 | OK | |||
r-oldrel-windows-x86_64 | 0.4.0 | 9.00 | 66.00 | 75.00 | OK |
Version: 0.4.0
Check: DESCRIPTION meta-information
Result: NOTE
Missing dependency on R >= 4.1.0 because package code uses the pipe
|> or function shorthand \(...) syntax added in R 4.1.0.
File(s) using such syntax:
‘setup_dir.R’
Flavors: r-devel-linux-x86_64-debian-clang, r-devel-linux-x86_64-debian-gcc, r-devel-linux-x86_64-fedora-gcc