Last updated on 2025-01-22 09:49:38 CET.
Flavor | Version | Tinstall | Tcheck | Ttotal | Status | Flags |
---|---|---|---|---|---|---|
r-devel-linux-x86_64-debian-clang | 0.9 | 4.84 | 41.72 | 46.56 | OK | |
r-devel-linux-x86_64-debian-gcc | 0.9 | 4.43 | 30.60 | 35.03 | OK | |
r-devel-linux-x86_64-fedora-clang | 0.9 | 77.76 | OK | |||
r-devel-linux-x86_64-fedora-gcc | 0.9 | 71.90 | OK | |||
r-devel-windows-x86_64 | 0.9 | 7.00 | 63.00 | 70.00 | OK | |
r-patched-linux-x86_64 | 0.9 | 6.13 | 39.58 | 45.71 | NOTE | |
r-release-linux-x86_64 | 0.9 | 4.70 | 39.80 | 44.50 | NOTE | |
r-release-macos-arm64 | 0.9 | 24.00 | NOTE | |||
r-release-macos-x86_64 | 0.9 | 35.00 | NOTE | |||
r-release-windows-x86_64 | 0.9 | 7.00 | 64.00 | 71.00 | NOTE | |
r-oldrel-macos-arm64 | 0.9 | 27.00 | NOTE | |||
r-oldrel-macos-x86_64 | 0.9 | 39.00 | NOTE | |||
r-oldrel-windows-x86_64 | 0.9 | 8.00 | 71.00 | 79.00 | NOTE |
Version: 0.9
Check: LazyData
Result: NOTE
'LazyData' is specified without a 'data' directory
Flavors: r-patched-linux-x86_64, r-release-linux-x86_64, r-release-macos-arm64, r-release-macos-x86_64, r-release-windows-x86_64, r-oldrel-macos-arm64, r-oldrel-macos-x86_64, r-oldrel-windows-x86_64