Last updated on 2025-01-18 12:55:25 CET.
Flavor | Version | Tinstall | Tcheck | Ttotal | Status | Flags |
---|---|---|---|---|---|---|
r-devel-linux-x86_64-debian-clang | 2.1.0 | 11.23 | 47.24 | 58.47 | OK | |
r-devel-linux-x86_64-debian-gcc | 2.1.0 | 6.58 | 39.45 | 46.03 | OK | |
r-devel-linux-x86_64-fedora-clang | 2.1.0 | 101.16 | NOTE | |||
r-devel-linux-x86_64-fedora-gcc | 2.1.0 | 109.08 | NOTE | |||
r-devel-windows-x86_64 | 2.1.0 | 14.00 | 109.00 | 123.00 | OK | |
r-patched-linux-x86_64 | 2.1.0 | 11.39 | 45.85 | 57.24 | OK | |
r-release-linux-x86_64 | 2.1.0 | 8.67 | 45.95 | 54.62 | OK | |
r-release-macos-arm64 | 2.1.0 | 49.00 | OK | |||
r-release-macos-x86_64 | 2.1.0 | 98.00 | OK | |||
r-release-windows-x86_64 | 2.1.0 | 15.00 | 115.00 | 130.00 | OK | |
r-oldrel-macos-arm64 | 2.1.0 | 52.00 | OK | |||
r-oldrel-macos-x86_64 | 2.1.0 | 77.00 | OK | |||
r-oldrel-windows-x86_64 | 2.1.0 | 17.00 | 120.00 | 137.00 | OK |
Version: 2.1.0
Check: dependencies in R code
Result: NOTE
Namespace in Imports field not imported from: ‘doParallel’
All declared Imports should be used.
Flavors: r-devel-linux-x86_64-fedora-clang, r-devel-linux-x86_64-fedora-gcc