Last updated on 2025-01-24 18:49:44 CET.
Flavor | Version | Tinstall | Tcheck | Ttotal | Status | Flags |
---|---|---|---|---|---|---|
r-devel-linux-x86_64-debian-clang | 0.1.0 | 18.15 | 139.75 | 157.90 | NOTE | |
r-devel-linux-x86_64-debian-gcc | 0.1.0 | 12.99 | 96.47 | 109.46 | NOTE | |
r-devel-linux-x86_64-fedora-clang | 0.1.0 | 264.73 | NOTE | |||
r-devel-linux-x86_64-fedora-gcc | 0.1.0 | 286.05 | NOTE | |||
r-devel-windows-x86_64 | 0.1.0 | 20.00 | 134.00 | 154.00 | NOTE | |
r-patched-linux-x86_64 | 0.1.0 | 18.69 | 126.81 | 145.50 | NOTE | |
r-release-linux-x86_64 | 0.1.0 | 16.29 | 127.41 | 143.70 | NOTE | |
r-release-macos-arm64 | 0.1.0 | 88.00 | NOTE | |||
r-release-macos-x86_64 | 0.1.0 | 120.00 | NOTE | |||
r-release-windows-x86_64 | 0.1.0 | 20.00 | 130.00 | 150.00 | NOTE | |
r-oldrel-macos-arm64 | 0.1.0 | 84.00 | NOTE | |||
r-oldrel-macos-x86_64 | 0.1.0 | 149.00 | NOTE | |||
r-oldrel-windows-x86_64 | 0.1.0 | 27.00 | 174.00 | 201.00 | NOTE |
Version: 0.1.0
Check: package subdirectories
Result: NOTE
Problems with news in ‘NEWS.md’:
Cannot extract version info from the following section titles:
INSPECTumours (development version)
Flavors: r-devel-linux-x86_64-debian-clang, r-devel-linux-x86_64-debian-gcc, r-devel-linux-x86_64-fedora-clang, r-devel-linux-x86_64-fedora-gcc, r-devel-windows-x86_64, r-patched-linux-x86_64, r-release-linux-x86_64, r-release-macos-arm64, r-release-macos-x86_64, r-release-windows-x86_64, r-oldrel-macos-arm64, r-oldrel-macos-x86_64, r-oldrel-windows-x86_64